-3) + o/6 is divided by 12?
11
Let y(g) = 16*g**2 - 3*g + 6. Let v be y(2). Suppose -6*k - v = -8*k. Calculate the remainder when k is divided by 11.
10
Suppose -3*l + 7*l = 0, 2*h - 20 = -3*l. Calculate the remainder when 19 is divided by h + 1/(-5)*-5.
8
Calculate the remainder when 63 - ((-6)/10)/(17/(-85)) is divided by 21.
18
Suppose 24*o = 12709 + 1571. What is the remainder when o is divided by 13?
10
Suppose 20153 = 18*x + 19703. Suppose 0 = 5*g - 2*c - 73, -5*c = -2*g + 38 - 13. What is the remainder when x is divided by g?
10
Let h = 7 + -4. Suppose -76 = -4*o + 2*j, -3*o - h*j + 5 = -2*o. What is the remainder when 41 is divided by 1*20 - (15 - o)?
19
Suppose 0 = 8*m + 20*m - 1092. Calculate the remainder when 110 is divided by m.
32
Let n be -2 + -1 + (-70)/(-5). Suppose -k + 17 = n. Calculate the remainder when k is divided by 6.
0
Suppose -3*k + 121 = 2*z - 22, 0 = 4*z - 5*k - 275. What is the remainder when 80 is divided by z?
10
Let j = 80 - 80. Suppose 5*a = -j*a + 50. What is the remainder when 6/(-2) - -2*10 is divided by a?
7
Let k(i) = -i**3 - 6*i**2 + 6*i. Let t be k(-7). Suppose -4*q - 75 = -o, -2*q - 30 = -o - t*q. Calculate the remainder when o is divided by 20.
15
Suppose 0 = z + 2*z - 4*u - 85, 60 = 2*z - 2*u. Calculate the remainder when 128 is divided by z.
23
Suppose -2*w - 5*r = 2 - 14, -r - 24 = -4*w. Let j(q) = -2*q**2 - 2 + 1 + 4*q**2 - 5*q. What is the remainder when j(w) is divided by 11?
8
Let f = 19 + -4. Suppose 5 = k, -8*z = -10*z - k + 63. Calculate the remainder when z is divided by f.
14
Let i = -583 - -602. Calculate the remainder when 185 is divided by i.
14
Suppose 0 = 10*t - 46*t + 324. What is the remainder when 368 is divided by t?
8
Let a(x) = x**2 + 44*x + 296. What is the remainder when 1146 is divided by a(-7)?
36
Suppose 3*l = 7*l - 124. Suppose 0 = x - 53 + 37. Calculate the remainder when l/((5 - 3)/4) is divided by x.
14
Suppose -j - 785 = -2*s - 2*s, -5*j = 3*s - 606. Suppose g - 33 = 2*r, g - 6*g + 2*r + s = 0. Calculate the remainder when g is divided by 16.
9
Suppose 16*k - 192 = 48. What is the remainder when 54 is divided by k?
9
What is the remainder when 639/27 - (-3)/9 is divided by ((-18)/4 - 2)/((-2)/4)?
11
Suppose 21*y - 7*y - 84 = 0. Calculate the remainder when 118 is divided by y.
4
Let a(q) = -3*q**3 + 10*q + 10. Calculate the remainder when 181 is divided by a(-3).
59
Suppose 2*o + 5 = -1. Let m(y) = 80*y. Let b be m(4). Calculate the remainder when 40 is divided by b/15 + 1/o.
19
Let p = -570 + 602. Calculate the remainder when ((-62)/3)/((-3)/9) is divided by p.
30
Suppose -26*v - 1870 = -37*v. What is the remainder when 521 is divided by v?
11
Let t = -56 + 44. Let h(i) = -3*i. What is the remainder when 142 is divided by h(t)?
34
Suppose 7*u - 18 = 9*u. Calculate the remainder when 5 is divided by (1 + 3)*u/(-12).
2
Let s = 673 + -609. Calculate the remainder when 442 is divided by s.
58
Suppose 45 - 15 = 2*d. Calculate the remainder when d is divided by (-12)/(-4) + 1/(-3)*-9.
3
Suppose 4*w - 16 = 92. Suppose l - w = -l + 3*g, -l + 3*g = -18. Calculate the remainder when 16 is divided by l.
7
Let u(k) = -44*k + 1082. What is the remainder when 396 is divided by u(23)?
46
Calculate the remainder when 347 is divided by 20/(7 + -12) - (-8)/1.
3
Let y(n) = -4*n - 1. Let x be y(-15). Let c = x + -20. What is the remainder when 155 is divided by c?
38
Let b = 637 + -589. Suppose 2*f + 0*f - 26 = 0. What is the remainder when b is divided by f?
9
What is the remainder when 14/(-4) + 25550/140 is divided by 20?
19
Let b = 51 + -52. Suppose -21 = 4*u - 109. Calculate the remainder when ((-32)/10)/(b/20) is divided by u.
20
Let w(r) = 7*r + 18. Let d(f) = -69*f - 180. Let z(y) = -2*d(y) - 21*w(y). What is the remainder when 106 is divided by z(-5)?
25
Suppose -10*m - 642 = -4*z - 12*m, -5*m = 2*z - 333. Suppose 100 = 4*r + 5*k, 3*r + 3*k - 4 = 68. Calculate the remainder when z is divided by r.
19
Let k(d) be the first derivative of d**3/3 + 4*d**2 - 5*d + 13. What is the remainder when k(4) is divided by 23?
20
Suppose -v + 2*b - 2502 = -5*v, -5*v - 2*b + 3129 = 0. What is the remainder when v is divided by 106?
97
Suppose 0 = -5*j - 2*h + 1168, 948 = 43*j - 39*j + 5*h. Calculate the remainder when j is divided by 39.
37
Suppose g + 98 = d, d - 75 = 3*g + 21. Calculate the remainder when d is divided by (25/4)/(4/(19 - 3)).
24
Let v(l) = -2*l + 53. Suppose 4 - 24 = -2*i. Calculate the remainder when 93 is divided by v(i).
27
Let f = 482 - 446. Calculate the remainder when 275 is divided by f.
23
Let n = -203 + 372. Calculate the remainder when n is divided by 17.
16
Let i(s) = s**2 + 6*s + 21. What is the remainder when 65 is divided by i(-5)?
1
Let t(b) = 2*b - 6. Let n be t(6). Suppose n*r - 139 - 59 = 0. What is the remainder when r is divided by 9?
6
Let n = -480 - -736. Calculate the remainder when n is divided by 43.
41
Suppose 0 = -2*v + 3 + 29. Suppose v*c - 428 = 1700. What is the remainder when c is divided by 15?
13
Let w(r) = r**3 + 19*r**2 - 19*r + 61. Calculate the remainder when 56 is divided by w(-20).
15
Suppose 10*j = -4*j - 14. Calculate the remainder when (2 + -3)*j - (-2 + -31) is divided by 9.
7
Let n = 2686 + -2596. What is the remainder when 323 is divided by n?
53
Let i = -1603 - -1978. Calculate the remainder when i is divided by 94.
93
Suppose 0 = -3*q - 3*o + 6, -5*o = 2*q - 4 + 3. Let l(i) = 4*i + 4 - 4. What is the remainder when l(1) is divided by q?
1
Let s = -15 + 223. Calculate the remainder when s is divided by 35.
33
What is the remainder when 238 is divided by (-5992)/(-196) - 8/14?
28
Calculate the remainder when (1 - 6) + (37 - 22) is divided by 5.
0
Suppose 20 = 4*r - 72. Let n(x) = -x**3 - 18*x**2 - 21*x. Calculate the remainder when n(-17) is divided by r.
22
Suppose -5*p + 0 = -2*f + 29, -2*p + 94 = 4*f. Suppose f = a - 4*r, 3 = -3*a + r + 58. What is the remainder when a is divided by 5?
3
Suppose 0 = -3*p + 4*r - 76 + 181, 132 = 3*p + 5*r. What is the remainder when 1595 is divided by p?
35
Let d(l) = -l**3 - 7*l**2 - 10*l - 17. Calculate the remainder when d(-6) is divided by 5.
2
Suppose -298 = 36*u - 38*u. Calculate the remainder when u is divided by 25.
24
Suppose 0 = -18*d + 24*d - 84. What is the remainder when d is divided by 11?
3
Suppose 0 = 3*y - 3, 0*s + 4*y - 16 = 3*s. Suppose -5*k = -3*l + 1282 - 1143, -2*l + 81 = -5*k. What is the remainder when l is divided by 47/3 + s/6?
13
Suppose 0 = -4*a - a + 15. Suppose 9*t = 57 - a. Suppose -g - 3*j - t = -2*g, 5*g + j - 62 = 0. What is the remainder when g is divided by 5?
2
Suppose -97 = -2*k - 27. Suppose z + 6 = 2*z. Suppose -3*j - 36 = -z*j. What is the remainder when k is divided by j?
11
Let g(h) = 12*h - 4. Let u be g(3). Suppose 3*d = -u - 37. Let x = d + 35. Calculate the remainder when 70 is divided by x.
10
Let a be 2/3 + (3 - (-44)/(-12)). Suppose 5*j - 81 - 69 = a. Calculate the remainder when 117 is divided by j.
27
Let u = 0 + 1. Let w(l) = l - 11*l**3 - l - u - 3*l**2 + 3*l**3 - l. Calculate the remainder when w(-2) is divided by 18.
17
Let b(f) = f - 15. Let d be b(0). Let v be ((-9)/d)/((-1)/(-5)). Suppose v*p - 5*p + 132 = 0. What is the remainder when p is divided by 17?
15
Let w(a) = -5*a + 82. Calculate the remainder when w(3) is divided by 6.
1
Suppose 3*h + 864 = 5*b, 150 = 3*b + h - 374. What is the remainder when b is divided by 44?
42
Let y(p) = -22*p**3 - p - 1. Let u(t) = -t**2 + 6*t - 6. Let s be u(5). Calculate the remainder when y(s) is divided by (10 - 2) + 5 + -1.
10
Let r(s) = s**2 - 13*s + 46. Let x = -85 + 154. Calculate the remainder when x is divided by r(11).
21
Calculate the remainder when 84 is divided by 36 + 405/(-60) + 1/(-4).
26
Suppose -x - 3*x = -44. Suppose p = -4*u + 33, 2*p - 165 = -3*p + 4*u. Calculate the remainder when p is divided by x.
0
Let g = -29 - -33. Suppose s = 2 + 1, -3*i - g*s = -198. Calculate the remainder when i is divided by 9.
8
Let r = 951 + -859. What is the remainder when 219 is divided by r?
35
Let c(y) = y - 5. Let h be c(4). Calculate the remainder when (-6 + -1)/(-10 + 9) is divided by 6*h*(-3)/6.
1
Let f be 7 + (-1)/1*-2. Suppose -f = -3*k + 30. Calculate the remainder when 23 is divided by k.